. What is the remainder when 2 is divided by f?
0
Suppose -3*n = 2*h + 2*h - 27, -4*h = n - 17. Let o(k) = 12*k - 1. Calculate the remainder when o(n) is divided by 20.
19
Suppose y + 325 = 4*k - 2*k, -y - 820 = -5*k. What is the remainder when k is divided by 28?
25
Let v be (-4)/(-8) - (-2)/(-4). Suppose -4*f + f + 100 = -5*u, v = 3*u - 3. Suppose 22 + 14 = 3*h. Calculate the remainder when f is divided by h.
11
Let h = -2 - -19. Let m = h - 7. Suppose -4*k = -6*k + m. Calculate the remainder when k is divided by 2.
1
Let h(l) be the third derivative of l**6/60 - l**5/60 - l**4/24 + l**3/3 + l**2. What is the remainder when h(2) is divided by 7?
5
Let o(m) = -m + 10. Suppose 2*g + 4 = -0*g. Let h be (-1 + 0 + 1)/g. Calculate the remainder when o(h) is divided by 4.
2
Let s = 126 + -68. Suppose 5*u + 2*t = t + 17, -3*t - 5 = u. Suppose 0 = -u*o + s + 2. Calculate the remainder when o is divided by 8.
7
Suppose 0*w - 3 = -w. Suppose -35 = -w*z - 2*z. Calculate the remainder when z is divided by 5.
2
Suppose 5*k - 55 = 15. Calculate the remainder when k is divided by 5 - 0/(12/(-4)).
4
Suppose -45*y + 52*y = 665. What is the remainder when y is divided by 25?
20
Let m = -29 - -21. Let k = 13 + m. Suppose 5*b = -5*d + 80, 5*d - k*b - 62 = -4*b. What is the remainder when d is divided by 5?
3
Let x(s) = 6*s + 1. Let g(w) = -3*w. Let v(a) = 10*g(a) + 4*x(a). Let f = 15 - 21. Calculate the remainder when v(f) is divided by 21.
19
Suppose 3*m = -0 + 6. Suppose 2*c + 64 + 42 = 5*h, 0 = h + 5*c - 5. Suppose -3*k - m*k = -h. Calculate the remainder when k is divided by 2.
0
Let u = 92 + -82. Let y be 2/4*(1 - 1). Suppose -6*j + j + 145 = y. Calculate the remainder when j is divided by u.
9
Let i(y) = -9*y + 1. What is the remainder when i(-5) is divided by -3 + (17 - (5 + -4)*-2)?
14
Suppose -2*y = -4*y - 6. Let s be (0 + 10/6)*y. Let v = 6 + s. What is the remainder when v is divided by 1?
0
Let h = 27 - -24. Calculate the remainder when h is divided by 9.
6
Suppose 3*l - 2*c = 5*l - 42, 47 = 2*l - 3*c. What is the remainder when l is divided by 6?
4
Let c be (0 + 1)*1 + 0. Suppose 28 = 5*f + 4*v, 3*v + 39 = 3*f - 2*v. What is the remainder when (-1 - -15) + c + 0 is divided by f?
7
Calculate the remainder when 48*(0/(-4) + 2) is divided by 25.
21
Let w be (-6)/(-14) + 424/56. Let z = 17 - w. What is the remainder when z is divided by 6?
3
Let d be ((-2)/6)/((-8)/(-168)). Suppose 0 = -4*a - k - 233, 3*a + 91 = 2*k - 92. Let l = d - a. What is the remainder when l is divided by 18?
16
Suppose -4*f + 8*f - 64 = 0. What is the remainder when 46 is divided by f?
14
Let z be 2/(-3) + 44/3. Let v be 74/z + 2/(-7). Suppose 6*f - 13 = v*f. What is the remainder when 24 is divided by f?
11
Suppose -5*x - p = -27 - 27, -4*p = 2*x - 18. What is the remainder when x is divided by 5?
1
Suppose 12*c = 7*c. Suppose 0 = 2*r - 5*h - 5 - 32, r + 3*h - 35 = c. Calculate the remainder when r is divided by 10.
6
Suppose 4*g - 70 = -5*m + 45, 2*m - g = 46. Calculate the remainder when m is divided by (-6)/((-2)/4*2).
5
Let t = 331 - 204. What is the remainder when t is divided by 26?
23
What is the remainder when 50 is divided by 6/3 - (-2 + -23)?
23
Let b be ((-28)/10)/(22/(-55)). Suppose -3*l = -5*u + b, 0 = -2*l + l + u + 1. What is the remainder when 15 is divided by l?
3
Let a(u) = 2*u**3 - 4*u**2 + 4*u - 4. Let y(d) = -d**3 - d. Let z(v) = a(v) + 3*y(v). What is the remainder when z(-5) is divided by 6?
4
Let m(u) = -6*u**3 - 11*u**2 + 9*u - 4. Let d(b) = -7*b**3 - 12*b**2 + 9*b - 3. Let f(o) = 5*d(o) - 6*m(o). What is the remainder when f(-7) is divided by 6?
5
What is the remainder when 533/(-26)*-1*2*1 is divided by 9?
5
Let h(j) = j**3 + 8*j**2 - 11*j - 8. Let s be (4 + -2)/(-2) + -38. Let g = -20 - s. Calculate the remainder when g is divided by h(-9).
9
Suppose v = 155 - 49. Calculate the remainder when v is divided by 9.
7
Let g(r) = -12*r + 2. Suppose 0 = 2*v - 23 + 5. Let x be (v/(-1 + -2))/1. What is the remainder when g(x) is divided by 13?
12
Suppose z = -3*z + 100. Suppose m - 2*u = 9, -5*m - 6*u + u = -75. What is the remainder when z is divided by m?
12
Suppose 5*o - 210 = -0*o. What is the remainder when o is divided by 22?
20
Suppose -6*j + 3*j - 33 = 0. Let q = j - -27. What is the remainder when 30 is divided by q?
14
Suppose 4*k - l - 202 = -2*l, -2*k + 104 = -l. Calculate the remainder when 150 is divided by k.
48
Let t(n) be the third derivative of -n**6/120 + n**4/6 - 5*n**3/6 + 3*n**2. What is the remainder when t(-4) is divided by 15?
13
Suppose 5*p + 0*p - 30 = 0. Suppose 3*l + 123 = p*l. Calculate the remainder when l is divided by 11.
8
Suppose -3*r - 18 = -2*n, -8*n - 5*r = -3*n + 5. Suppose -n*h + 3*z = -39, -57 = -5*h - 4*z + z. What is the remainder when h is divided by 7?
5
Let i be (-42)/(-8) - (-1)/(-4). Suppose -t + 25 = -0*z - z, -93 = -i*t - 3*z. Calculate the remainder when t is divided by 6.
3
What is the remainder when -2*3*116/(-12) is divided by 12?
10
Suppose -3*r + 5*i + 48 = -11, -12 = 3*i. What is the remainder when 153 is divided by r?
10
Suppose 5*s - 353 = -c, -4*c = -5*s + 49 + 289. What is the remainder when s is divided by 24?
22
Let z = -3 + 6. Calculate the remainder when 3 is divided by z.
0
Let u = -10 + 26. Calculate the remainder when 41 is divided by (-2)/8 + 228/u.
13
Suppose 0*q = 4*q - 60. Let v(r) = -r**3 + 6*r**2 + 4*r - 3. What is the remainder when v(5) is divided by q?
12
Let d(o) = 10*o**2 - 5*o + 3. Let p be d(4). Let s = p + -92. Calculate the remainder when s is divided by 13.
12
Let v = -141 + 142. What is the remainder when 8 is divided by v?
0
Suppose -4*o + 323 = -f, 4*f = -2*o - 0*f + 184. Let y = 36 - 19. What is the remainder when o is divided by y?
14
Let m(w) = 10*w**2 - 2*w - 1. Let h be m(-1). Let t = h - 8. Calculate the remainder when 49 is divided by 2/3*t - -15.
15
Let d(t) = 12*t + 7. Let g be d(5). Suppose 3*c + 2*w - 5*w - 57 = 0, g = 5*c + 2*w. Calculate the remainder when c is divided by 8.
7
Suppose y - 238 = -4*y + 4*v, 0 = 2*y - 5*v - 85. Calculate the remainder when y is divided by ((-442)/(-52))/((-1)/(-2)).
16
Let g = -11 - -18. Suppose 3*t = -2*t + 55. Let y = t + -8. What is the remainder when g is divided by y?
1
Let t(y) = -7*y**2 + y + 9. Let j(b) = -b**2 + b + 1. Let z(h) = -6*j(h) + t(h). Let c = 7 - 0. Calculate the remainder when c is divided by z(-5).
1
Let z = 5 - -11. Calculate the remainder when z is divided by ((-2)/(-4))/(2/24).
4
Let g(x) = -x**2 - 5*x + 4. Let v be g(-5). Suppose 0 = v*j - j - 264. Let c = -59 + j. Calculate the remainder when c is divided by 10.
9
Let j = 28 - 7. What is the remainder when 104 is divided by j?
20
Let f = 47 - 36. Calculate the remainder when 75 is divided by f.
9
Suppose -5 - 4 = -3*t. Suppose 2*w - 10 = -2. Calculate the remainder when w is divided by t.
1
Suppose 0 = 3*s - 4*d - 23, -d + 1 = -s - 4*d. Let a(z) = z + 2. Let w be a(0). Suppose 2*j - 32 = -w*j. What is the remainder when j is divided by s?
3
Let m = 13 + -15. What is the remainder when 28 is divided by (3 - (-2)/m) + 3?
3
Suppose -2*y + 167 = -9. What is the remainder when y is divided by 31?
26
Suppose 5*u + 33 - 91 = 4*s, 3*u - 2*s = 34. Let i = -2 + 10. What is the remainder when 390/25 + (-6)/u is divided by i?
7
Let j(b) = b**2 + 4*b - 15. Calculate the remainder when 27 is divided by j(-7).
3
Let a = 14 - 7. Let k = a - -6. Calculate the remainder when k is divided by 4.
1
Calculate the remainder when (-9)/6 + 89/2 is divided by 11.
10
Let o = -3 + 7. Calculate the remainder when 22 is divided by o.
2
Let g = -2 + 2. Suppose 3*t + 3*c = 96, t + 3*c + g = 26. What is the remainder when t is divided by 2/5 + (-88)/(-5)?
17
Suppose -3*r = r - 48. Let i(v) = 12*v - 4. Let t be i(4). Suppose 2*y = -0*y + t. Calculate the remainder when y is divided by r.
10
What is the remainder when (-12)/(3 - 7)*(-95)/(-15) is divided by 6?
1
Suppose -2*f + 33 = -3*z - 21, -3*z - 24 = -f. Calculate the remainder when 59 is divided by f.
29
Suppose -17 = -3*l - 5. Suppose l*f - 3*f = 1. What is the remainder when f is divided by 1?
0
What is the remainder when 27 is divided by 0 - ((-4)/2 - 9)?
5
Let h be (-40)/(-3) + (-2)/6. Let k be (-11 + h)*(-6)/(-4). Calculat